atest common factor of 729 and 1671597.
729
Calculate the greatest common factor of 39955 and 2440.
305
What is the highest common divisor of 1032 and 215?
43
What is the greatest common factor of 83358 and 33?
33
Calculate the greatest common divisor of 424 and 311852.
212
Calculate the highest common factor of 192 and 20346.
6
Calculate the greatest common factor of 1820 and 19500.
260
What is the highest common factor of 34224 and 1116?
372
Calculate the greatest common factor of 41706 and 504.
126
Calculate the highest common divisor of 238 and 782.
34
Calculate the greatest common divisor of 38807 and 2313.
257
Calculate the greatest common divisor of 960 and 10260.
60
What is the highest common factor of 3626 and 76923?
259
What is the greatest common factor of 7560 and 63?
63
What is the highest common divisor of 73 and 141036?
73
What is the greatest common divisor of 340 and 16915?
85
What is the greatest common divisor of 601775 and 25?
25
What is the highest common divisor of 120633 and 2036?
509
Calculate the highest common factor of 164 and 1256076.
164
What is the highest common divisor of 779 and 1230?
41
Calculate the greatest common factor of 23968 and 6.
2
What is the highest common factor of 229376 and 112?
112
What is the highest common divisor of 597 and 490137?
597
What is the greatest common factor of 5082 and 25284?
42
Calculate the greatest common factor of 1011692 and 33.
11
What is the highest common factor of 3492 and 27?
9
What is the greatest common factor of 366748 and 8864?
1108
Calculate the greatest common factor of 3282606 and 13041.
1863
What is the highest common divisor of 1008 and 2664?
72
Calculate the highest common divisor of 94284 and 15908.
388
Calculate the highest common factor of 18 and 156591.
9
What is the greatest common factor of 67 and 46967?
67
What is the highest common divisor of 122406 and 46?
46
What is the highest common factor of 51955 and 25?
5
What is the greatest common factor of 4865639 and 1559?
1559
What is the greatest common factor of 162 and 998?
2
Calculate the highest common divisor of 300 and 12.
12
What is the greatest common divisor of 8 and 699416?
8
What is the greatest common factor of 72 and 441828?
36
What is the greatest common factor of 38 and 6760637?
19
Calculate the greatest common divisor of 407 and 301180.
407
Calculate the greatest common factor of 313 and 700181.
313
Calculate the highest common divisor of 1242 and 312777.
207
Calculate the highest common divisor of 309 and 1519971.
309
Calculate the highest common factor of 262750 and 1250.
250
What is the greatest common divisor of 510783 and 624?
39
Calculate the greatest common divisor of 109947 and 603.
201
Calculate the greatest common divisor of 48 and 1924.
4
Calculate the highest common factor of 74689 and 19.
19
What is the highest common divisor of 5 and 878710?
5
Calculate the greatest common divisor of 1164 and 1684.
4
What is the greatest common factor of 31 and 2831974?
31
Calculate the greatest common divisor of 906 and 266666.
302
What is the highest common divisor of 326690 and 2730?
910
Calculate the greatest common divisor of 401488 and 176.
16
Calculate the greatest common divisor of 4964 and 180164.
292
What is the highest common factor of 254272 and 64?
64
What is the highest common divisor of 776022 and 78?
78
What is the greatest common divisor of 5553 and 1446?
3
What is the greatest common factor of 28 and 29918?
14
What is the highest common factor of 11259 and 2641?
139
What is the highest common factor of 3024 and 45792?
432
Calculate the highest common divisor of 180 and 789732.
36
What is the highest common factor of 205914 and 12?
6
What is the greatest common factor of 574 and 555058?
574
What is the highest common divisor of 889 and 609?
7
Calculate the greatest common factor of 19464 and 8760.
24
What is the highest common factor of 18 and 14580?
18
Calculate the greatest common factor of 1206 and 33567.
201
What is the highest common divisor of 296936 and 8?
8
What is the greatest common divisor of 2827 and 319?
11
Calculate the greatest common factor of 1344 and 31416.
168
Calculate the highest common factor of 3330 and 90.
90
Calculate the greatest common factor of 24816 and 12.
12
What is the greatest common divisor of 69106 and 1526?
218
What is the highest common factor of 20 and 29404?
4
What is the greatest common divisor of 1462 and 946?
86
Calculate the greatest common factor of 440 and 1883816.
88
What is the greatest common factor of 22 and 1238721?
11
What is the highest common factor of 18474 and 42?
6
What is the greatest common divisor of 190 and 37710?
10
What is the highest common divisor of 32 and 387104?
32
Calculate the greatest common divisor of 460259 and 58.
29
What is the greatest common factor of 3322 and 2112?
22
Calculate the highest common divisor of 297 and 33275.
11
Calculate the highest common factor of 756 and 22464.
108
Calculate the highest common factor of 11 and 299849.
11
What is the greatest common divisor of 1701 and 55377?
189
Calculate the highest common divisor of 52 and 27436.
4
Calculate the highest common factor of 1378 and 23850.
106
What is the greatest common factor of 1539 and 150309?
513
Calculate the greatest common divisor of 5157 and 5643.
27
Calculate the greatest common factor of 6409 and 731.
17
What is the highest common divisor of 196074 and 702?
54
What is the highest common divisor of 230 and 722614?
46
What is the greatest common divisor of 95 and 17237085?
95
Calculate the greatest common divisor of 13914 and 616081.
773
What is the greatest common factor of 3278 and 343594?
298
Calculate the greatest common factor of 3233 and 689.
53
What is the highest common divisor of 1681 and 1?
1
Calculate the greatest common divisor of 41 and 57523.
41
What is the greatest common divisor of 234 and 541944?
234
What is the highest common divisor of 144 and 1719396?
36
Calculate the greatest common factor of 148200 and 95.
95
What is the highest common factor of 5988 and 63373?
499
What is the highest common factor of 117 and 293670?
117
Calculate the greatest common factor of 2581 and 1682.
29
Calculate the greatest common divisor of 29 and 11383399.
29
What is the highest common divisor of 33 and 355597?
11
What is the greatest common divisor of 157400 and 1600?
200
Calculate the highest common divisor of 238 and 98651.
119
What is the highest common factor of 102835 and 2620?
655
Calculate the greatest common divisor of 936 and 59904.
936
What is the highest common factor of 2064 and 545025?
129
Calculate the greatest common factor of 268521 and 237.
237
Calculate the highest common divisor of 876 and 22188.
12
Calculate the greatest common divisor of 11454 and 322.
46
Calculate the highest common factor of 876 and 3358.
146
What is the greatest common divisor of 259754 and 176?
22
What is the greatest common divisor of 675 and 10755?
45
Calculate the greatest common factor of 9176 and 12136.
296
What is the greatest common divisor of 18 and 1552842?
18
What is the greatest common divisor of 1791 and 14373?
9
What is the greatest common factor of 1575 and 909825?
525
Calculate the greatest common divisor of 361184 and 224.
32
What is the greatest common divisor of 95719 and 26?
13
Calculate the greatest common factor of 5786 and 34991.
11
Calculate the highest common divisor of 4240 and 698540.
1060
What is the greatest common factor of 7600 and 1045?
95
Calculate the highest common factor of 41 and 828241.
41
What is the greatest common divisor of 93290 and 5605?
95
What is the greatest common factor of 863 and 943259?
863
What is the greatest common divisor of 248 and 148528?
8
What is the highest common factor of 67860 and 609?
87
Calculate the highest common divisor of 420 and 13326.
6
What is the greatest common divisor of 20815 and 920?
115
What is the greatest common factor of 540 and 119700?
180
Calculate the highest common factor of 27 and 803502.
9
What is the highest common factor of 728 and 46256?
56
Calculate the highest common factor of 29322 and 558.
18
Calculate the highest common factor of 26749 and 4784.
23
Calculate the greatest common divisor of 66 and 943998.
66
Calculate the highest common fac